{"id":42,"date":"2025-09-04T00:48:42","date_gmt":"2025-09-04T00:48:42","guid":{"rendered":"https:\/\/chermanucure.com\/?page_id=42"},"modified":"2025-09-04T01:02:26","modified_gmt":"2025-09-04T01:02:26","slug":"haqqimizda","status":"publish","type":"page","link":"https:\/\/chermanucure.com\/?page_id=42","title":{"rendered":"Haqq\u0131m\u0131zda"},"content":{"rendered":"\n<div class=\"wp-block-cover alignfull is-light has-contrast-color has-text-color has-link-color wp-elements-53dd82b005dfed10d443222b8af7b89c\" style=\"margin-top:0;margin-bottom:0;padding-top:var(--wp--preset--spacing--60);padding-right:var(--wp--preset--spacing--50);padding-bottom:var(--wp--preset--spacing--60);padding-left:var(--wp--preset--spacing--50)\"><span aria-hidden=\"true\" class=\"wp-block-cover__background has-base-background-color has-background-dim-100 has-background-dim\"><\/span><div class=\"wp-block-cover__inner-container has-global-padding is-layout-constrained wp-container-core-cover-is-layout-873ee6b1 wp-block-cover-is-layout-constrained\">\n<div class=\"wp-block-columns alignwide is-layout-flex wp-container-core-columns-is-layout-7ee84d44 wp-block-columns-is-layout-flex\">\n<div class=\"wp-block-column is-layout-flow wp-block-column-is-layout-flow\" style=\"flex-basis:65%\">\n<div class=\"wp-block-group is-vertical is-content-justification-stretch is-layout-flex wp-container-core-group-is-layout-353c4f5a wp-block-group-is-layout-flex\">\n<h2 class=\"wp-block-heading has-text-align-left\" style=\"font-size:clamp(6.688rem, 6.688rem + ((1vw - 0.2rem) * 16.176), 17rem);font-style:normal;font-weight:300;letter-spacing:-0.03em;line-height:1.4\">Cher,<\/h2>\n\n\n\n<p class=\"is-style-text-subtitle is-style-text-subtitle--1\">Biz kimik?<\/p>\n\n\n\n<p>CHERMANUCURE komandas\u0131 kimi g\u00f6z\u0259llik sah\u0259sind\u0259 f\u0259aliyy\u0259timiz\u0259 Moskvada ba\u015flad\u0131q, indi is\u0259 Bak\u0131da eyni pe\u015f\u0259karl\u0131q v\u0259 h\u0259v\u0259s il\u0259 xidm\u0259t g\u00f6st\u0259ririk.<\/p>\n\n\n\n<p> Ustalar\u0131m\u0131z Moskvada \u0259n m\u0259\u015fhur t\u0259lim\u00e7il\u0259rin yan\u0131nda t\u0259hsil alm\u0131\u015f, i\u015fin\u0259 sevgi il\u0259 yana\u015fan m\u00fct\u0259x\u0259ssisl\u0259rdir.<\/p>\n\n\n\n<p><strong>Missiyam\u0131z:<\/strong><\/p>\n\n\n\n<p>&nbsp;\u2022 H\u0259r m\u00fc\u015ft\u0259rimizin studiyadan m\u0259mnun ayr\u0131lmas\u0131,<\/p>\n\n\n\n<p>&nbsp;\u2022 \u018fn son texnikalar\u0131 Bak\u0131ya g\u0259tirm\u0259k,<\/p>\n\n\n\n<p class=\"is-style-text-subtitle has-large-font-size is-style-text-subtitle--2\">&nbsp;\u2022 D\u0131rnaq sa\u011flaml\u0131\u011f\u0131n\u0131 h\u0259r zaman \u00f6n planda tutmaq.<\/p>\n<\/div>\n<\/div>\n\n\n\n<div class=\"wp-block-column is-layout-flow wp-block-column-is-layout-flow\" style=\"flex-basis:35%\">\n<div class=\"wp-block-group is-vertical is-content-justification-stretch is-nowrap is-layout-flex wp-container-core-group-is-layout-73b0033c wp-block-group-is-layout-flex\">\n<figure class=\"wp-block-image size-full\"><img decoding=\"async\" src=\"https:\/\/chermanucure.com\/wp-content\/themes\/twentytwentyfive\/assets\/images\/woman-splashing-water.webp\" alt=\"Woman on beach, splashing water.\" style=\"aspect-ratio:3\/4;object-fit:cover\"\/><\/figure>\n\n\n\n<p class=\"has-text-align-right has-x-large-font-size\" style=\"line-height:1.2\"><a href=\"https:\/\/www.instagram.com\/chermanucure\/?igsh=NHlpNDc5bzNkbGY2\">Instagram<\/a><br><a href=\"https:\/\/chermanucure.com\/?page_id=2\" data-type=\"page\" data-id=\"2\">Now<\/a><\/p>\n<\/div>\n<\/div>\n<\/div>\n<\/div><\/div>\n","protected":false},"excerpt":{"rendered":"","protected":false},"author":1,"featured_media":0,"parent":0,"menu_order":0,"comment_status":"closed","ping_status":"closed","template":"","meta":{"footnotes":""},"class_list":["post-42","page","type-page","status-publish","hentry"],"_links":{"self":[{"href":"https:\/\/chermanucure.com\/index.php?rest_route=\/wp\/v2\/pages\/42","targetHints":{"allow":["GET"]}}],"collection":[{"href":"https:\/\/chermanucure.com\/index.php?rest_route=\/wp\/v2\/pages"}],"about":[{"href":"https:\/\/chermanucure.com\/index.php?rest_route=\/wp\/v2\/types\/page"}],"author":[{"embeddable":true,"href":"https:\/\/chermanucure.com\/index.php?rest_route=\/wp\/v2\/users\/1"}],"replies":[{"embeddable":true,"href":"https:\/\/chermanucure.com\/index.php?rest_route=%2Fwp%2Fv2%2Fcomments&post=42"}],"version-history":[{"count":3,"href":"https:\/\/chermanucure.com\/index.php?rest_route=\/wp\/v2\/pages\/42\/revisions"}],"predecessor-version":[{"id":58,"href":"https:\/\/chermanucure.com\/index.php?rest_route=\/wp\/v2\/pages\/42\/revisions\/58"}],"wp:attachment":[{"href":"https:\/\/chermanucure.com\/index.php?rest_route=%2Fwp%2Fv2%2Fmedia&parent=42"}],"curies":[{"name":"wp","href":"https:\/\/api.w.org\/{rel}","templated":true}]}}